{"id":1194,"date":"2018-12-26T22:12:31","date_gmt":"2018-12-27T01:12:31","guid":{"rendered":"https:\/\/esc48-sfe.infd.edu.ar\/sitio\/?page_id=1194"},"modified":"2024-04-08T20:46:43","modified_gmt":"2024-04-08T23:46:43","slug":"homologaciones","status":"publish","type":"page","link":"https:\/\/esc48-sfe.infd.edu.ar\/sitio\/homologaciones\/","title":{"rendered":"Homologaciones"},"content":{"rendered":"<p><strong>Reglamento Acad\u00e9mico Marco de Institutos Superiores<\/strong><\/p>\n<p><strong>(Decreto N\u00ba 4199\/15)<\/strong><\/p>\n<div class=\"x_gmail_quote\">\n<blockquote class=\"x_quote\">\n<div dir=\"auto\">\n<div dir=\"auto\">Cap\u00edtulo 6: \u201cDe las Homologaciones\u201d<\/div>\n<div dir=\"auto\">Art. 52: Ser\u00e1n de aplicaci\u00f3n las normas de este Cap\u00edtulo a los casos de estudiantes de Nivel\u00a0 Superior, sea \u00e9ste universitario o no universitario, que hayan aprobado Unidades Curriculares\u00a0en carreras distintas, o de una misma carrera con distinto Plan de estudio\/ Dise\u00f1o Curricular a\u00a0la que pretende destinar la homologaci\u00f3n.<\/div>\n<div dir=\"auto\">Art. 53: Se homologar\u00e1 en forma directa todas la Unidades Curriculares pertenecientes al\u00a0Campo de la Formaci\u00f3n General de las Carreras de Profesorados elaborados de acuerdo a los\u00a0Lineamientos emanados de Consejo Federal seg\u00fan la resoluci\u00f3n N\u00b0 24\/07 como as\u00ed tambi\u00e9n\u00a0todas las Unidades Curriculares pertenecientes al Campo de la Formaci\u00f3n General de las\u00a0Carreras de Tecnicaturas Superiores de una misma Familia profesional de acuerdo a los<\/div>\n<div dir=\"auto\">Lineamientos de las Resoluciones del Consejo Federal 470\/8, 209\/13, 229\/14, inclu\u00eddas las\u00a0Unidades Curriculares de Contenidos Variables (UCCV).<\/div>\n<div dir=\"auto\"><\/div>\n<div dir=\"auto\">Art. 54: El criterio a aplicarse ser\u00e1 el de la vigencia de los contenidos, y de la bibliograf\u00eda, y no\u00a0el de su antig\u00fcedad.<\/div>\n<div dir=\"auto\"><\/div>\n<div dir=\"auto\">Art. 55: Podr\u00e1n concederse homologaciones parciales, en su caso se deber\u00e1n indicar\u00a0claramente, en el RAI, los pasos a seguir y requisitos a cumplimentar por parte del solicitante.<\/div>\n<div dir=\"auto\"><\/div>\n<div dir=\"auto\">Art. 56: El procedimiento para la homologaci\u00f3n ser\u00e1 establecido por cada Instituto en su RAI,\u00a0garantizando la consulta al docente responsable de la Unidad Curricular y la intervenci\u00f3n del\u00a0Consejo Institucional.<\/div>\n<div dir=\"auto\">Art. 57: Los pedidos de homologaciones ser\u00e1n presentados por los estudiantes durante el\u00a0per\u00edodo que anualmente fije el calendario jurisdiccional.<\/div>\n<\/div>\n<\/blockquote>\n<\/div>\n<p><strong>PRESENTACI\u00d3N:<\/strong><\/p>\n<p style=\"text-align: center;\"><span style=\"color: #339966;\"><strong>\u00a0Solicitud de Homologaci\u00f3n :<\/strong><\/span><\/p>\n<p style=\"text-align: center;\"><a href=\"https:\/\/esc48-sfe.infd.edu.ar\/sitio\/wp-content\/uploads\/2024\/04\/planilla-homologaciones-nueva-1.pdf\">\u00a0Planilla\u00a0 Descargar Aqu\u00ed<\/a><\/p>\n<ol>\n<li><strong>Fotocopia del Certificado de Estudios Completos Legalizado o Certificado Anal\u00edtico de Materias aprobadas Original o Fotocopia Legalizada<\/strong><\/li>\n<li><strong>Programas de las asignaturas a homologar. Deben\u00a0ESTAR\u00a0LEGALIZADOS\u00a0con nota y fecha de aprobaci\u00f3n, y corresponder al a\u00f1o cursado.<\/strong><\/li>\n<li><strong>Enumerar los programas seg\u00fan se complet\u00f3 la\u00a0solicitud de homologaci\u00f3n.-<\/strong><\/li>\n<\/ol>\n","protected":false},"excerpt":{"rendered":"<p>Reglamento Acad\u00e9mico Marco de Institutos Superiores (Decreto N\u00ba 4199\/15) Cap\u00edtulo 6: \u201cDe las Homologaciones\u201d Art. 52: Ser\u00e1n de aplicaci\u00f3n las normas de este Cap\u00edtulo a los casos de estudiantes de Nivel\u00a0 Superior, sea \u00e9ste universitario o no universitario, que hayan aprobado Unidades Curriculares\u00a0en carreras distintas, o de una misma carrera con distinto Plan de estudio\/ &#8230; <a title=\"Homologaciones\" class=\"read-more\" href=\"https:\/\/esc48-sfe.infd.edu.ar\/sitio\/homologaciones\/\" aria-label=\"More on Homologaciones\">[+]<\/a><\/p>\n","protected":false},"author":92,"featured_media":0,"parent":0,"menu_order":0,"comment_status":"closed","ping_status":"closed","template":"","meta":[],"acf":[],"_links":{"self":[{"href":"https:\/\/esc48-sfe.infd.edu.ar\/sitio\/wp-json\/wp\/v2\/pages\/1194"}],"collection":[{"href":"https:\/\/esc48-sfe.infd.edu.ar\/sitio\/wp-json\/wp\/v2\/pages"}],"about":[{"href":"https:\/\/esc48-sfe.infd.edu.ar\/sitio\/wp-json\/wp\/v2\/types\/page"}],"author":[{"embeddable":true,"href":"https:\/\/esc48-sfe.infd.edu.ar\/sitio\/wp-json\/wp\/v2\/users\/92"}],"replies":[{"embeddable":true,"href":"https:\/\/esc48-sfe.infd.edu.ar\/sitio\/wp-json\/wp\/v2\/comments?post=1194"}],"version-history":[{"count":9,"href":"https:\/\/esc48-sfe.infd.edu.ar\/sitio\/wp-json\/wp\/v2\/pages\/1194\/revisions"}],"predecessor-version":[{"id":4030,"href":"https:\/\/esc48-sfe.infd.edu.ar\/sitio\/wp-json\/wp\/v2\/pages\/1194\/revisions\/4030"}],"wp:attachment":[{"href":"https:\/\/esc48-sfe.infd.edu.ar\/sitio\/wp-json\/wp\/v2\/media?parent=1194"}],"curies":[{"name":"wp","href":"https:\/\/api.w.org\/{rel}","templated":true}]}}