{"id":2225,"date":"2020-03-21T22:46:26","date_gmt":"2020-03-22T01:46:26","guid":{"rendered":"https:\/\/esc48-sfe.infd.edu.ar\/sitio\/?page_id=2225"},"modified":"2020-03-22T15:41:03","modified_gmt":"2020-03-22T18:41:03","slug":"como-crear-foros","status":"publish","type":"page","link":"https:\/\/esc48-sfe.infd.edu.ar\/sitio\/como-crear-foros\/","title":{"rendered":"Foros: C\u00f3mo se abre y se configura un foro"},"content":{"rendered":"<h2>A crear una clase , se crea tambi\u00e9n la categor\u00eda<\/h2>\n<p>&nbsp;<\/p>\n<h2><\/h2>\n<h2><\/h2>\n<h2>Crear una categor\u00eda<\/h2>\n<p><a href=\"https:\/\/esc48-sfe.infd.edu.ar\/sitio\/como-crear-foros\/catego\/#main\" rel=\"attachment wp-att-2273\"><img decoding=\"async\" loading=\"lazy\" class=\"alignnone size-medium wp-image-2273\" src=\"https:\/\/esc48-sfe.infd.edu.ar\/sitio\/wp-content\/uploads\/2020\/03\/catego-1000x260.jpg\" alt=\"\" width=\"1000\" height=\"260\" srcset=\"https:\/\/esc48-sfe.infd.edu.ar\/sitio\/wp-content\/uploads\/2020\/03\/catego-1000x260.jpg 1000w, https:\/\/esc48-sfe.infd.edu.ar\/sitio\/wp-content\/uploads\/2020\/03\/catego-768x199.jpg 768w, https:\/\/esc48-sfe.infd.edu.ar\/sitio\/wp-content\/uploads\/2020\/03\/catego.jpg 1148w\" sizes=\"(max-width: 1000px) 100vw, 1000px\" \/><\/a><\/p>\n<p>&nbsp;<\/p>\n<p>&nbsp;<\/p>\n<h2>Para abrir un foro es necesario previamente tener una categor\u00eda activa.<\/h2>\n<p>&nbsp;<\/p>\n<p>&nbsp;<\/p>\n<p><a href=\"https:\/\/esc48-sfe.infd.edu.ar\/sitio\/como-crear-foros\/foro\/#main\" rel=\"attachment wp-att-2272\"><img decoding=\"async\" loading=\"lazy\" class=\"alignnone size-medium wp-image-2272\" src=\"https:\/\/esc48-sfe.infd.edu.ar\/sitio\/wp-content\/uploads\/2020\/03\/foro-1000x246.jpg\" alt=\"\" width=\"1000\" height=\"246\" srcset=\"https:\/\/esc48-sfe.infd.edu.ar\/sitio\/wp-content\/uploads\/2020\/03\/foro-1000x246.jpg 1000w, https:\/\/esc48-sfe.infd.edu.ar\/sitio\/wp-content\/uploads\/2020\/03\/foro-768x189.jpg 768w, https:\/\/esc48-sfe.infd.edu.ar\/sitio\/wp-content\/uploads\/2020\/03\/foro.jpg 1177w\" sizes=\"(max-width: 1000px) 100vw, 1000px\" \/><\/a><\/p>\n<p>&nbsp;<\/p>\n<p>Luego el proceso es muy simple (lo complejo es pensar buenas consignas para los foros, pero eso lo veremos en otro post). Desde la versi\u00f3n 10 es posible abrir un foro con una consigna escrita y gr\u00e1ficos o con un video\u00a0 simplemente cliqueando sobre la pesta\u00f1a texto o sobre la pesta\u00f1a video.<\/p>\n<p>En la pesta\u00f1a texto como siempre es posible escribir la consigna , agregar im\u00e1genes embebidas (de internet) o videos subidos a la web.<\/p>\n<p>En la pesta\u00f1a videos pueden abrir una consigna grabandose. Lo \u00fanico que necesitan es una computadora con c\u00e1mara y micr\u00f3fono. Pueden intentar todas las veces que necesiten hasta estar conformes.<\/p>\n<p><img decoding=\"async\" src=\"https:\/\/tic.infd.edu.ar\/wp-content\/uploads\/2018\/06\/foro-abrir.gif\" \/><\/p>\n<p>ara cada foro es posible cambiar la configuraci\u00f3n adapt\u00e1ndola a las necesidades de cada propuesta.<\/p>\n<ol>\n<li>Es posible configurar que se publique abierto o con determinada fecha de apertura y de cierre. No es necesario que tenga ambas fechas.<\/li>\n<li>Es posible adjuntar archivos (evaluar la necesidad)<\/li>\n<li>Para agregar im\u00e1genes directas de la computadora.<\/li>\n<li>Este punto permite que se responda a un posteo en particular y al foro en general<\/li>\n<li>Este punto obliga al cursante a postear sin ver las opiniones previas. Es muy \u00fatil para situaciones de diagn\u00f3stico<\/li>\n<li>Es posible permitir que los participantes tambi\u00e9n respondan con videos. Los objetivos del foro determinar\u00e1n si es de utilidad o no. Si se busca desarrollar la argumentaci\u00f3n escrita, es mejor no activarlo. Si la idea es que relaten una vivencia personal, por ejemplo el video puede ser una buena alternativa<\/li>\n<\/ol>\n<h3>Responder con video<\/h3>\n<p>El proceso es similar. Simplemente se opta por la pesta\u00f1a video (debe estar tildada en la configuraci\u00f3n. Se graba y luego aparece como un posteo m\u00e1s.<\/p>\n<p>&nbsp;<\/p>\n<p><img decoding=\"async\" src=\"https:\/\/tic.infd.edu.ar\/wp-content\/uploads\/2018\/06\/responder-foro_video.png\" \/><\/p>\n<p>&nbsp;<\/p>\n<p>&nbsp;<\/p>\n","protected":false},"excerpt":{"rendered":"<p>A crear una clase , se crea tambi\u00e9n la categor\u00eda &nbsp; Crear una categor\u00eda &nbsp; &nbsp; Para abrir un foro es necesario previamente tener una categor\u00eda activa. &nbsp; &nbsp; &nbsp; Luego el proceso es muy simple (lo complejo es pensar buenas consignas para los foros, pero eso lo veremos en otro post). Desde la versi\u00f3n &#8230; <a title=\"Foros: C\u00f3mo se abre y se configura un foro\" class=\"read-more\" href=\"https:\/\/esc48-sfe.infd.edu.ar\/sitio\/como-crear-foros\/\" aria-label=\"More on Foros: C\u00f3mo se abre y se configura un foro\">[+]<\/a><\/p>\n","protected":false},"author":92,"featured_media":0,"parent":0,"menu_order":0,"comment_status":"closed","ping_status":"closed","template":"","meta":[],"acf":[],"_links":{"self":[{"href":"https:\/\/esc48-sfe.infd.edu.ar\/sitio\/wp-json\/wp\/v2\/pages\/2225"}],"collection":[{"href":"https:\/\/esc48-sfe.infd.edu.ar\/sitio\/wp-json\/wp\/v2\/pages"}],"about":[{"href":"https:\/\/esc48-sfe.infd.edu.ar\/sitio\/wp-json\/wp\/v2\/types\/page"}],"author":[{"embeddable":true,"href":"https:\/\/esc48-sfe.infd.edu.ar\/sitio\/wp-json\/wp\/v2\/users\/92"}],"replies":[{"embeddable":true,"href":"https:\/\/esc48-sfe.infd.edu.ar\/sitio\/wp-json\/wp\/v2\/comments?post=2225"}],"version-history":[{"count":5,"href":"https:\/\/esc48-sfe.infd.edu.ar\/sitio\/wp-json\/wp\/v2\/pages\/2225\/revisions"}],"predecessor-version":[{"id":2275,"href":"https:\/\/esc48-sfe.infd.edu.ar\/sitio\/wp-json\/wp\/v2\/pages\/2225\/revisions\/2275"}],"wp:attachment":[{"href":"https:\/\/esc48-sfe.infd.edu.ar\/sitio\/wp-json\/wp\/v2\/media?parent=2225"}],"curies":[{"name":"wp","href":"https:\/\/api.w.org\/{rel}","templated":true}]}}