{"id":3386,"date":"2023-11-01T19:58:52","date_gmt":"2023-11-01T22:58:52","guid":{"rendered":"https:\/\/esc48-sfe.infd.edu.ar\/sitio\/?page_id=3386"},"modified":"2026-02-24T20:08:51","modified_gmt":"2026-02-24T23:08:51","slug":"inscripciones-2024","status":"publish","type":"page","link":"https:\/\/esc48-sfe.infd.edu.ar\/sitio\/inscripciones-2024\/","title":{"rendered":"INGRESO 2026"},"content":{"rendered":"\n<p><\/p>\n\n\n\n<div class=\"wp-block-group has-background has-medium-font-size is-vertical is-layout-flex wp-container-2\" style=\"background-color:#00000000\">\n<div class=\"wp-block-group alignfull has-text-color has-background is-vertical is-content-justification-center is-layout-flex wp-container-1\" style=\"color:#000000;background-color:#ffffff\">\n<h1 class=\"wp-block-heading has-text-align-center has-background\" id=\"schedule-a-visit\" style=\"background-color:#d4faee;font-size:32px;font-style:normal;font-weight:600;line-height:1.15;text-transform:capitalize\"> Inscripci\u00f3n Definitiva &#8211; Entrega de documentaci\u00f3n  <\/h1>\n<\/div>\n<\/div>\n\n\n\n<p>    <strong> DOCUMENTACI\u00d3N A ENTREGAR <\/strong><mark style=\"background-color:#22eb1d\" class=\"has-inline-color has-contrast-color\"><strong>del 18\/02\/<\/strong><\/mark><mark style=\"background-color:#22eb1d\" class=\"has-inline-color has-contrast-color\"><strong>26<\/strong><\/mark><mark style=\"background-color:#22eb1d\" class=\"has-inline-color has-contrast-color\"><strong>  al 06\/03\/26 de 17 a 21hs en  Secretar\u00eda:<\/strong><\/mark><\/p>\n\n\n\n<ul>\n<li class=\"10\">Planilla de solicitud de ingreso completa. <a href=\"https:\/\/esc48-sfe.infd.edu.ar\/sitio\/wp-content\/uploads\/2025\/11\/SOLICITUD-DE-INSCRIPCION2026.pdf\" data-type=\"URL\" data-id=\"https:\/\/esc48-sfe.infd.edu.ar\/sitio\/wp-content\/uploads\/2025\/11\/SOLICITUD-DE-INSCRIPCION2026.pdf\" target=\"_blank\" rel=\"noreferrer noopener\">Descargar aqu\u00ed<\/a><\/li>\n\n\n\n<li>Dos fotos carnet (iguales)<\/li>\n\n\n\n<li>Fotocopia<strong> legalizada<\/strong><em> <\/em>de la partida de nacimiento<\/li>\n\n\n\n<li>Fotocopia <strong>legalizada<\/strong> del D.N.I<\/li>\n\n\n\n<li>Fotocopia del t\u00edtulo secundario. Si el t\u00edtulo no es digital,  la fotocopia debe estar <strong>legalizada<\/strong><\/li>\n\n\n\n<li>Certificado de t\u00edtulo en tr\u00e1mite del secundario <strong>(original)<\/strong> s\u00f3lo para quienes a la fecha no tengan el t\u00edtulo<\/li>\n\n\n\n<li>Constancia de aptitud m\u00e9dica, expedido por autoridad p\u00fablica o privada (estampillada)<\/li>\n\n\n\n<li>Colaboraci\u00f3n de cuota \u00fanica de Cooperadora de $60.000<\/li>\n<\/ul>\n\n\n\n<p class=\"has-text-color has-medium-font-size\" style=\"color:#f90505\"><strong>IMPORTANTE<\/strong>: La documentaci\u00f3n requerida se deber\u00e1 presentar en un folio.                                                                            <strong>No se aceptar\u00e1 documentaci\u00f3n incompleta<\/strong><\/p>\n","protected":false},"excerpt":{"rendered":"<p>Inscripci\u00f3n Definitiva &#8211; Entrega de documentaci\u00f3n DOCUMENTACI\u00d3N A ENTREGAR del 18\/02\/26 al 06\/03\/26 de 17 a 21hs en Secretar\u00eda: IMPORTANTE: La documentaci\u00f3n requerida se deber\u00e1 presentar en un folio. No se aceptar\u00e1 documentaci\u00f3n incompleta<\/p>\n","protected":false},"author":365,"featured_media":0,"parent":0,"menu_order":1,"comment_status":"closed","ping_status":"closed","template":"","meta":[],"acf":[],"_links":{"self":[{"href":"https:\/\/esc48-sfe.infd.edu.ar\/sitio\/wp-json\/wp\/v2\/pages\/3386"}],"collection":[{"href":"https:\/\/esc48-sfe.infd.edu.ar\/sitio\/wp-json\/wp\/v2\/pages"}],"about":[{"href":"https:\/\/esc48-sfe.infd.edu.ar\/sitio\/wp-json\/wp\/v2\/types\/page"}],"author":[{"embeddable":true,"href":"https:\/\/esc48-sfe.infd.edu.ar\/sitio\/wp-json\/wp\/v2\/users\/365"}],"replies":[{"embeddable":true,"href":"https:\/\/esc48-sfe.infd.edu.ar\/sitio\/wp-json\/wp\/v2\/comments?post=3386"}],"version-history":[{"count":65,"href":"https:\/\/esc48-sfe.infd.edu.ar\/sitio\/wp-json\/wp\/v2\/pages\/3386\/revisions"}],"predecessor-version":[{"id":4724,"href":"https:\/\/esc48-sfe.infd.edu.ar\/sitio\/wp-json\/wp\/v2\/pages\/3386\/revisions\/4724"}],"wp:attachment":[{"href":"https:\/\/esc48-sfe.infd.edu.ar\/sitio\/wp-json\/wp\/v2\/media?parent=3386"}],"curies":[{"name":"wp","href":"https:\/\/api.w.org\/{rel}","templated":true}]}}