{"id":872,"date":"2018-08-31T16:22:02","date_gmt":"2018-08-31T19:22:02","guid":{"rendered":"https:\/\/esc48-sfe.infd.edu.ar\/sitio\/tecnico-superior-en-desarrollo-de-software\/"},"modified":"2024-09-27T18:32:18","modified_gmt":"2024-09-27T21:32:18","slug":"tecnico-superior-en-desarrollo-de-software","status":"publish","type":"page","link":"https:\/\/esc48-sfe.infd.edu.ar\/sitio\/tecnico-superior-en-desarrollo-de-software\/","title":{"rendered":"T\u00e9cnico Superior en Desarrollo de Software"},"content":{"rendered":"\n<p>PLAN DE ESTUDIOS &#8211; RESOLUCI\u00d3N 2120\/16<\/p>\n\n\n\n<figure class=\"wp-block-gallery has-nested-images columns-default is-cropped wp-block-gallery-1 is-layout-flex\">\n<figure class=\"wp-block-image size-large\"><img decoding=\"async\" loading=\"lazy\" width=\"875\" height=\"453\" data-id=\"4343\"  src=\"https:\/\/esc48-sfe.infd.edu.ar\/sitio\/wp-content\/uploads\/2024\/09\/sw_1ro.png\" alt=\"\" class=\"wp-image-4343\" srcset=\"https:\/\/esc48-sfe.infd.edu.ar\/sitio\/wp-content\/uploads\/2024\/09\/sw_1ro.png 875w, https:\/\/esc48-sfe.infd.edu.ar\/sitio\/wp-content\/uploads\/2024\/09\/sw_1ro-768x398.png 768w\" sizes=\"(max-width: 875px) 100vw, 875px\" \/><\/figure>\n<\/figure>\n\n\n\n<figure class=\"wp-block-image size-full is-resized\"><img decoding=\"async\" loading=\"lazy\" src=\"https:\/\/esc48-sfe.infd.edu.ar\/sitio\/wp-content\/uploads\/2024\/09\/sw_2do.png\" alt=\"\" class=\"wp-image-4344\" width=\"1012\" height=\"529\" srcset=\"https:\/\/esc48-sfe.infd.edu.ar\/sitio\/wp-content\/uploads\/2024\/09\/sw_2do.png 867w, https:\/\/esc48-sfe.infd.edu.ar\/sitio\/wp-content\/uploads\/2024\/09\/sw_2do-768x401.png 768w\" sizes=\"(max-width: 1012px) 100vw, 1012px\" \/><\/figure>\n\n\n\n<figure class=\"wp-block-image size-full is-resized\"><img decoding=\"async\" loading=\"lazy\" src=\"https:\/\/esc48-sfe.infd.edu.ar\/sitio\/wp-content\/uploads\/2024\/09\/sw_3ro-1.png\" alt=\"\" class=\"wp-image-4348\" width=\"1015\" height=\"456\" srcset=\"https:\/\/esc48-sfe.infd.edu.ar\/sitio\/wp-content\/uploads\/2024\/09\/sw_3ro-1.png 868w, https:\/\/esc48-sfe.infd.edu.ar\/sitio\/wp-content\/uploads\/2024\/09\/sw_3ro-1-768x345.png 768w\" sizes=\"(max-width: 1015px) 100vw, 1015px\" \/><\/figure>\n\n\n<p><span style=\"color: #ff0000;\"><strong><a title=\"Plan de Estudio\" href=\"upload\/Plan_de_Estudio_-_TSDS.pdf\" target=\"_blank\" rel=\"noopener\"><span style=\"color: #ff0000;\">Plan de Estudio TSDS<\/span><\/a><\/strong><\/span><\/p>\n<p><span style=\"color: #ff0000;\"><strong><a title=\"Perfil del Egresado\" href=\"upload\/Perfi_Egresado_TSDS.pdf\" target=\"_blank\" rel=\"noopener\"><span style=\"color: #ff0000;\">Perfil del Egresado<\/span><\/a><\/strong><\/span><\/p>\n<h3><strong>Objetivos de la carrera<\/strong><\/h3>\n<div>\n<p><strong>Preparar profesionales capacitados para:<\/strong><\/p>\n<ul>\n<li>El T\u00e9cnico Superior en Desarrollo de Software ser\u00e1 capaz de utilizar las herramientas\u00a0inform\u00e1ticas existentes y hacerlas funcionar de manera eficaz y eficiente, contemplando\u00a0en su formaci\u00f3n distintas \u00e1reas de conocimiento, entre las cuales se encuentran:<br \/>Programaci\u00f3n, metodolog\u00edas de desarrollo, arquitectura y redes, dise\u00f1o de sistemas,\u00a0bases de datos, direcci\u00f3n de proyectos inform\u00e1ticos, siendo imprescindible que en su formaci\u00f3n profesional adquiera las capacidades para adaptarse a los cambios constantes\u00a0en la materia, con un perfil creativo e innovador y con mentalidad de trabajo en equipo.<\/li>\n<li>Desarrollar una formaci\u00f3n t\u00e9cnica y profesional espec\u00edfica para producir\u00a0artefactos de software con todo lo que ello comprende.<\/li>\n<li>\u00a0Reconocer las pr\u00e1cticas y los procedimientos comunes en los entornos\u00a0organizacionales para favorecer la administraci\u00f3n de la informaci\u00f3n y el\u00a0desarrollo de software.<\/li>\n<li>Desarrollar habilidades que integren conocimientos te\u00f3rico-pr\u00e1cticos, capacidad\u00a0de an\u00e1lisis cr\u00edtico, resoluci\u00f3n de problemas y toma de decisiones en contextos\u00a0complejos de incertidumbre; que comprende a la sociedad como una\u00a0construcci\u00f3n humana dotada con el tiempo, el espacio y la historia.<\/li>\n<li>Operar de modo amplio y aut\u00f3nomo en el \u00e1mbito local y regional a trav\u00e9s de la\u00a0formaci\u00f3n en el \u00e1rea de desarrollo de software.<\/li>\n<li>Gestionar saberes que permitan adaptarse a los r\u00e1pidos adelantos de las\u00a0tecnolog\u00edas de la informaci\u00f3n y la comunicaci\u00f3n y actuar con flexibilidad y\u00a0disposici\u00f3n para aprender a aprender durante toda la vida.<\/li>\n<li>Lograr una actitud \u00e9tica y preparaci\u00f3n para ser ciudadano activo, responsable y\u00a0comprometido con la realidad, entendiendo y atendiendo a las demandas y\u00a0necesidades del contexto socio productivo en el cual se desarrolla, aplicando las\u00a0normas de sostenibilidad ambiental, con una mirada integral y cuidadosa del\u00a0medio ambiente.<\/li>\n<li>Desarrollar habilidades comunicativas, sociales y laborales que favorezcan el\u00a0trabajo en equipo, promuevan la motivaci\u00f3n y liderazgo a nivel personal y\u00a0tambi\u00e9n se orienten al logro de los objetivos de la organizaci\u00f3n.<\/li>\n<li>Desarrollar capacidades emprendedoras requeridas para ser protagonistas de\u00a0procesos de cambio, dirigidos a mejorar la empleabilidad, la productividad y la\u00a0construcci\u00f3n de sus propios proyectos ocupacionales.<\/li>\n<\/ul>\n<\/div>\n<div align=\"center\">\n<h4>\u00a0<\/h4>\n<h4>R\u00c9GIMEN DE CORRELATIVIDADES<\/h4>\n<p>La trayectoria que realice cada estudiante en la carrera, deber\u00e1 respetar las siguientes<br \/>pautas del r\u00e9gimen de cursado y correlatividades. Las correlatividades se establecen en<br \/>funci\u00f3n de los procesos que se pretenden desarrollar en el transcurso de la formaci\u00f3n y<br \/>de los alcances de contenidos correspondientes a cada unidad curricular.<\/p>\n<\/div>\n<div align=\"center\">\n<table width=\"843\">\n<tbody>\n<tr>\n<td width=\"283\"><strong>Para rendir:<\/strong><\/td>\n<td width=\"560\"><strong>Debe tener aprobada:<\/strong><\/td>\n<\/tr>\n<tr>\n<td>Ingl\u00e9s T\u00e9cnico II<\/td>\n<td>\u00a0Ingl\u00e9s T\u00e9cnico I<\/td>\n<\/tr>\n<tr>\n<td>Programaci\u00f3n I<\/td>\n<td>\u00a0L\u00f3gica y Estructura de Datos<\/td>\n<\/tr>\n<tr>\n<td>\u00a0Ingenier\u00eda de Software II<\/td>\n<td>\u00a0Ingenier\u00eda de Software I<\/td>\n<\/tr>\n<tr>\n<td>Redes y Comunicaci\u00f3n<\/td>\n<td>\u00a0Tecnolog\u00eda de la Informaci\u00f3n y Sistemas Operativos<\/td>\n<\/tr>\n<tr>\n<td>Programaci\u00f3n II<\/td>\n<td>\u00a0Programaci\u00f3n I<\/td>\n<\/tr>\n<tr>\n<td>Bases de Datos II<\/td>\n<td>\u00a0Bases de Datos I y\u00a0 Sistemas Operativos<\/td>\n<\/tr>\n<tr>\n<td>Gesti\u00f3n de Proyectos de Software<\/td>\n<td>\u00a0Ingenier\u00eda de Software II<\/td>\n<\/tr>\n<tr>\n<td>Pr\u00e1ctica Profesionalizante II<\/td>\n<td>Pr\u00e1ctica Profesionalizante I \u2013 Administraci\u00f3n \u2013 Innovaci\u00f3n y Desarrollo Emprendedor<\/td>\n<\/tr>\n<\/tbody>\n<\/table>\n<hr \/>\n<h4>\u00a0<\/h4>\n<\/div>","protected":false},"excerpt":{"rendered":"<p>PLAN DE ESTUDIOS &#8211; RESOLUCI\u00d3N 2120\/16 Plan de Estudio TSDS Perfil del Egresado Objetivos de la carrera Preparar profesionales capacitados para: El T\u00e9cnico Superior en Desarrollo de Software ser\u00e1 capaz de utilizar las herramientas\u00a0inform\u00e1ticas existentes y hacerlas funcionar de manera eficaz y eficiente, contemplando\u00a0en su formaci\u00f3n distintas \u00e1reas de conocimiento, entre las cuales se encuentran:Programaci\u00f3n, &#8230; <a title=\"T\u00e9cnico Superior en Desarrollo de Software\" class=\"read-more\" href=\"https:\/\/esc48-sfe.infd.edu.ar\/sitio\/tecnico-superior-en-desarrollo-de-software\/\" aria-label=\"More on T\u00e9cnico Superior en Desarrollo de Software\">[+]<\/a><\/p>\n","protected":false},"author":105,"featured_media":4234,"parent":0,"menu_order":0,"comment_status":"closed","ping_status":"closed","template":"","meta":[],"acf":[],"_links":{"self":[{"href":"https:\/\/esc48-sfe.infd.edu.ar\/sitio\/wp-json\/wp\/v2\/pages\/872"}],"collection":[{"href":"https:\/\/esc48-sfe.infd.edu.ar\/sitio\/wp-json\/wp\/v2\/pages"}],"about":[{"href":"https:\/\/esc48-sfe.infd.edu.ar\/sitio\/wp-json\/wp\/v2\/types\/page"}],"author":[{"embeddable":true,"href":"https:\/\/esc48-sfe.infd.edu.ar\/sitio\/wp-json\/wp\/v2\/users\/105"}],"replies":[{"embeddable":true,"href":"https:\/\/esc48-sfe.infd.edu.ar\/sitio\/wp-json\/wp\/v2\/comments?post=872"}],"version-history":[{"count":4,"href":"https:\/\/esc48-sfe.infd.edu.ar\/sitio\/wp-json\/wp\/v2\/pages\/872\/revisions"}],"predecessor-version":[{"id":4354,"href":"https:\/\/esc48-sfe.infd.edu.ar\/sitio\/wp-json\/wp\/v2\/pages\/872\/revisions\/4354"}],"wp:featuredmedia":[{"embeddable":true,"href":"https:\/\/esc48-sfe.infd.edu.ar\/sitio\/wp-json\/wp\/v2\/media\/4234"}],"wp:attachment":[{"href":"https:\/\/esc48-sfe.infd.edu.ar\/sitio\/wp-json\/wp\/v2\/media?parent=872"}],"curies":[{"name":"wp","href":"https:\/\/api.w.org\/{rel}","templated":true}]}}